-125441
In base 15, what is 1d70d - -84d?
1e05b
In base 8, what is -107256764 - 1?
-107256765
In base 11, what is -406a56 + 36?
-406a20
In base 13, what is -1 + 26a6995b?
26a6995a
In base 15, what is 2c5 - 3d91?
-3abb
In base 5, what is 2041322103212 + -4?
2041322103203
In base 10, what is 60 - 110600?
-110540
In base 14, what is -29cc - 315d?
-5b4b
In base 14, what is -193 - -2d0d4?
2cd41
In base 12, what is 2b960bb + -2a?
2b96091
In base 12, what is 4 + 34b821a?
34b8222
In base 7, what is 5536160 - -20?
5536210
In base 9, what is -156203832 + 1?
-156203831
In base 4, what is -1000001031311 + -10?
-1000001031321
In base 12, what is -5437 - 4b1b?
-a356
In base 15, what is -338e157 + -7?
-338e15e
In base 14, what is -a - -32566d?
325663
In base 5, what is 32423 - 114023?
-31100
In base 12, what is -4 - -1093987?
1093983
In base 10, what is 6248657 - 30?
6248627
In base 9, what is -54020081 - 3?
-54020084
In base 8, what is -15036643071 - -3?
-15036643066
In base 16, what is 0 + 15a845?
15a845
In base 10, what is 2 + 7292036?
7292038
In base 11, what is 102289 - 144?
102145
In base 8, what is -1457216662 + 1?
-1457216661
In base 16, what is 230 + 2b4?
4e4
In base 9, what is -287837 + -26?
-287864
In base 7, what is -2000 - -1556421?
1554421
In base 6, what is -204 + 5525415?
5525211
In base 8, what is 15 - -504774362?
504774377
In base 14, what is -29 - -901c54?
901c29
In base 8, what is 16523225 + 131?
16523356
In base 15, what is -48d2 + 328?
-45a9
In base 10, what is 10 + 2058067?
2058077
In base 12, what is -610b560 - -3?
-610b559
In base 8, what is 11723 + -6414?
3307
In base 6, what is 103210 - 11342?
51424
In base 11, what is 170a13 + -468?
170556
In base 13, what is -640b - 2360?
-876b
In base 2, what is 100 - -10000011111000100010001101010?
10000011111000100010001101110
In base 9, what is -11833724 - -40?
-11833674
In base 2, what is 11 + -1001001100101010111111011?
-1001001100101010111111000
In base 2, what is -100000001101000001000 - -101100?
-100000001100111011100
In base 13, what is -2 + 72111?
7210c
In base 12, what is 630a35 + -8?
630a29
In base 8, what is -2 + 323214231?
323214227
In base 3, what is 1012212112 + 2012200?
1022002012
In base 16, what is 1 - -1b6419?
1b641a
In base 14, what is -107a7963 + 2?
-107a7961
In base 3, what is -220102 - 2211000122?
-2211221001
In base 2, what is -10001000 + 11101100110001011?
11101100100000011
In base 5, what is 2 + 114314224?
114314231
In base 16, what is -415543 + 2?
-415541
In base 10, what is -1 + 772940?
772939
In base 5, what is 231 - 203420410?
-203420124
In base 13, what is c - 1019a55?
-1019a46
In base 4, what is 202311 - -21120312?
21323223
In base 3, what is -10001122 - -1120111102?
1110102210
In base 2, what is -1010001111110011100000010100 - -10?
-1010001111110011100000010010
In base 7, what is -415664333 + 0?
-415664333
In base 2, what is -1 - -110101110001011110001100000?
110101110001011110001011111
In base 7, what is 20260 + -5461?
11466
In base 11, what is 2280 - 9438?
-7168
In base 7, what is 4040 + -2013662?
-2006622
In base 3, what is -220002 - 2220122?
-10210201
In base 6, what is 551202214 + -4?
551202210
In base 13, what is -1 - -366b719?
366b718
In base 5, what is -102 + -113140420?
-113141022
In base 9, what is -13446021 - 6?
-13446027
In base 16, what is 3 - -243783?
243786
In base 6, what is -3 - 135321015?
-135321022
In base 15, what is -18c - -47a58e?
47a402
In base 9, what is -20 - -4467306?
4467276
In base 16, what is 1ca6f - -454?
1cec3
In base 2, what is -111111100 + -11110111000111010011?
-11110111001111001111
In base 7, what is -124 + -3325620?
-3326044
In base 15, what is 3 + 5c1b26?
5c1b29
In base 15, what is -29ed3 - 7d4?
-2a7b7
In base 15, what is -155 + -3eb9?
-411e
In base 10, what is 2460344 - -5?
2460349
In base 5, what is -4210 + -13300?
-23010
In base 3, what is -211212 + 10002222111?
10002010122
In base 9, what is 337030 + 126?
337156
In base 3, what is -111200212201120 + 2000?
-111200212122120
In base 6, what is 5 - 241302133?
-241302124
In base 4, what is -33213210 + -113?
-33213323
In base 15, what is 5 + 12304909?
1230490e
In base 12, what is -28 - -95014?
94ba8
In base 10, what is 126727 - -763?
127490
In base 10, what is -15707144 - 2?
-15707146
In base 10, what is 7336 + 3015?
10351
In base 14, what is 5 + -1288a79?
-1288a74
In base 15, what is 70c3ac9 + -3?
70c3ac6
In base 6, what is -40 + 1131055410?
1131055330
In base 8, what is -175600 - -57?
-175521
In base 13, what is -a + 783567?
78355a
In base 8, what is 246654704 - -30?
246654734
In base 7, what is 4145412 - 523?
4144556
In base 5, what is 210430430232 - -3?
210430430240
In base 15, what is -718132 + 34?
-7180ed
In base 4, what is -2301331020 + 2313?
-2301322101
In base 5, what is 443120224 - 1?
443120223
In base 11, what is 21700 + -50?
21660
In base 11, what is a72416 - 7?
a7240a
In base 11, what is -1 - -1a46900?
1a468aa
In base 13, what is 554 - -2a5a9?
2ab30
In base 14, what is 389 - -2bb7?
3162
In base 16, what is -57 - 29e89?
-29ee0
In base 13, what is -14 - 8717a4?
-8717b8
In base 7, what is 1333 - -30613?
32246
In base 7, what is 522224 - 6?
522215
In base 2, what is 11000100111100110011110 + 1?
11000100111100110011111
In base 2, what is -11110110000 - -1000110000110?
100111010110
In base 2, what is -100110101010110101 + 1100011?
-100110101001010010
In base 11, what is -2 - -572028?
572026
In base 5, what is 32003404213 + 4?
32003404222
In base 14, what is 83c - -64c7?
6d25
In base 15, what is 3372 + -ce?
3293
In base 3, what is -20 - 220002120002112?
-220002120002202
In base 7, what is 4 + -44040003?
-44036666
In base 10, what is 2777 + 5880?
8657
In base 15, what is -34 - d000?
-d034
In base 3, what is 220112 + 11122211?
12120100
In base 8, what is 5105571 - 100?
5105471
In base 9, what is -2053 - -68618?
66555
In base 3, what is 111111 + 2210200201?
2211012012
In base 15, what is 5884e8c + -2?
5884e8a
In base 4, what is -10221332 - -1003032?
-3212300
In base 13, what is -8a95 + -98?
-8b60
In base 15, what is -6 - 154e509?
-154e510
In base 4, what is 2301310 + 331130?
3233100
In base 16, what is -576d - -14f4?
-4279
In base 6, what is 3 + -14231321022?
-14231321015
In base 13, what is 74965 + 30?
74995
In base 7, what is -164 - -6645?
6451
In base 6, what is 2 + 15353233243?
15353233245
In base 5, what is -4 - -2232044130?
2232044121
In base 12, what is -18 + 87b655?
87b639
In base 4, what is -11200 + -223321200?
-223333000
In base 7, what is 14306 - -5625?
23234
In base 13, what is 3 - ba2b072?
-ba2b06c
In base 2, what is -100100111011 + 1010000100011101?
1001011111100010
In base 8, what is -77376473 + 5?
-77376466
In base 3, what is 10002 - 121112002112220?
-121112002102211
In base 2, what is -10010001000010101 - 10111101?
-10010001011010010
In base 13, what is 1810 + -164c?
191
In base 4, what is 2131303220 + 13?
2131303233
In base 12, what is -16a + -117921?
-117a8b
In base 8, what is -60412 - -312?
-60100
In base 8, what is 640372 - 61?
640311
In base 4, what is -3233331 + 2312101?
-321230
In base 2, what is 110011011010 - 111011111101?
-1000100011
In base 3, what is 22210011020 + -2202?
22210001111
In base 2, what is -101001011 + -1111101100101101101?
-1111101101010111000
In base 7, what is -10 + 64401031?
64401021
In base 2, what is 11101000100 - 1011000001011?
-111011000111
In base 5, what is -333024230 + -430?
-333030210
In base 15, what is 1a4e26 - -15?
1a4e3b
In base 16, what is -23dfd0 - 6?
-23dfd6
In base 2, what is 1110101100111101011011 + 11?
1110101100111101011110
In base 10, what is 415 + 1337861?
1338276
In base 12, what is -12426a - 780?
-124a2a
In base 8, what is -1441626 - -2273?
-1437333
In base 5, what is 240234 + -12020?
223214
In base 12, what is 3 + -30747097?
-30747094
In base 6, what is 450540 - 524?
450012
In base 8, what is -1421205044 + 4?
-1421205040
In base 8, what is 3 - -5276357?
5276362
In base 11, what is 3 - 2319745?
-2319742
In base 6, what is -5 + 20313125544?
20313125535
In base 14, what is b - dadd7?
-dadca
In base 5, what is 201101 - 42431?
103120
In base 3, what is -10 + -1222202100111111?
-1222202100111121
In base 8, what is 202353 - 755?
201376
In base 15, what is -5 - -21801c2?
21801bc
In base 8, what is -12 + 760222